{"id":699,"date":"2025-11-20T00:29:05","date_gmt":"2025-11-19T22:29:05","guid":{"rendered":"https:\/\/www.dns85.fr\/?page_id=699"},"modified":"2025-11-25T19:58:02","modified_gmt":"2025-11-25T17:58:02","slug":"mentions-legales","status":"publish","type":"page","link":"https:\/\/www.dns85.fr\/index.php\/mentions-legales\/","title":{"rendered":"Mentions l\u00e9gales"},"content":{"rendered":"\t\t<div data-elementor-type=\"wp-page\" data-elementor-id=\"699\" class=\"elementor elementor-699\">\n\t\t\t\t<div class=\"elementor-element elementor-element-ef6406f e-flex e-con-boxed e-con e-parent\" data-id=\"ef6406f\" data-element_type=\"container\">\n\t\t\t\t\t<div class=\"e-con-inner\">\n\t\t<div class=\"elementor-element elementor-element-cf935c1 e-con-full e-flex e-con e-child\" data-id=\"cf935c1\" data-element_type=\"container\">\n\t\t\t\t<div class=\"elementor-element elementor-element-ea1d23c elementor-widget elementor-widget-heading\" data-id=\"ea1d23c\" data-element_type=\"widget\" data-widget_type=\"heading.default\">\n\t\t\t\t\t<h2 class=\"elementor-heading-title elementor-size-default\">MENTION L\u00c9GALES<\/h2>\t\t\t\t<\/div>\n\t\t\t\t<div class=\"elementor-element elementor-element-0721fab elementor-widget elementor-widget-text-editor\" data-id=\"0721fab\" data-element_type=\"widget\" data-widget_type=\"text-editor.default\">\n\t\t\t\t\t\t\t\t\t<p><b>DNS 85 &#8211; Enreprise individuelle<\/b><\/p><p>G\u00e9rant : Boivineau Etienne<\/p><p>Si\u00e8ge social : 105 La Gatoli\u00e8re &#8211; Saint-Fulgent, 85250<\/p><p>N\u00b0 de SIRET : 991 392 457 00016<\/p><p>Site web h\u00e9berg\u00e9 par OVH CLOUD (2, rue Kellermann, 59100 Roubaix.) | T\u00e9l. +33 9 72 10 10 07<\/p><p>Le site et ses contenus (textes, images, logos\u2026) sont prot\u00e9g\u00e9s par la l\u00e9gislation sur la propri\u00e9t\u00e9 intellectuelle.<\/p><p>Toute reproduction sans autorisation est interdite.<\/p>\t\t\t\t\t\t\t\t<\/div>\n\t\t\t\t<\/div>\n\t\t\t\t\t<\/div>\n\t\t\t\t<\/div>\n\t\t\t\t<\/div>\n\t\t","protected":false},"excerpt":{"rendered":"<p>MENTION L\u00c9GALES DNS 85 &#8211; Enreprise individuelle G\u00e9rant : Boivineau Etienne Si\u00e8ge social : 105 La Gatoli\u00e8re &#8211; Saint-Fulgent, 85250 N\u00b0 de SIRET : 991 392 457 00016 Site web h\u00e9berg\u00e9 par OVH CLOUD (2, rue Kellermann, 59100 Roubaix.) | T\u00e9l. +33 9 72 10 10 07 Le site et ses contenus (textes, images, logos\u2026)&#8230;<\/p>\n","protected":false},"author":1,"featured_media":0,"parent":0,"menu_order":0,"comment_status":"closed","ping_status":"closed","template":"","meta":{"_kad_post_transparent":"","_kad_post_title":"hide","_kad_post_layout":"fullwidth","_kad_post_sidebar_id":"","_kad_post_content_style":"unboxed","_kad_post_vertical_padding":"hide","_kad_post_feature":"hide","_kad_post_feature_position":"","_kad_post_header":false,"_kad_post_footer":false,"footnotes":""},"class_list":["post-699","page","type-page","status-publish","hentry"],"yoast_head":"<!-- This site is optimized with the Yoast SEO plugin v26.5 - https:\/\/yoast.com\/wordpress\/plugins\/seo\/ -->\n<title>Mentions l\u00e9gales - DNS 85<\/title>\n<meta name=\"robots\" content=\"index, follow, max-snippet:-1, max-image-preview:large, max-video-preview:-1\" \/>\n<link rel=\"canonical\" href=\"https:\/\/www.dns85.fr\/index.php\/mentions-legales\/\" \/>\n<meta property=\"og:locale\" content=\"fr_FR\" \/>\n<meta property=\"og:type\" content=\"article\" \/>\n<meta property=\"og:title\" content=\"Mentions l\u00e9gales - DNS 85\" \/>\n<meta property=\"og:description\" content=\"MENTION L\u00c9GALES DNS 85 &#8211; Enreprise individuelle G\u00e9rant : Boivineau Etienne Si\u00e8ge social : 105 La Gatoli\u00e8re &#8211; Saint-Fulgent, 85250 N\u00b0 de SIRET : 991 392 457 00016 Site web h\u00e9berg\u00e9 par OVH CLOUD (2, rue Kellermann, 59100 Roubaix.) | T\u00e9l. +33 9 72 10 10 07 Le site et ses contenus (textes, images, logos\u2026)...\" \/>\n<meta property=\"og:url\" content=\"https:\/\/www.dns85.fr\/index.php\/mentions-legales\/\" \/>\n<meta property=\"og:site_name\" content=\"DNS 85\" \/>\n<meta property=\"article:modified_time\" content=\"2025-11-25T17:58:02+00:00\" \/>\n<meta name=\"twitter:card\" content=\"summary_large_image\" \/>\n<meta name=\"twitter:label1\" content=\"Dur\u00e9e de lecture estim\u00e9e\" \/>\n\t<meta name=\"twitter:data1\" content=\"1 minute\" \/>\n<script type=\"application\/ld+json\" class=\"yoast-schema-graph\">{\"@context\":\"https:\/\/schema.org\",\"@graph\":[{\"@type\":\"WebPage\",\"@id\":\"https:\/\/www.dns85.fr\/index.php\/mentions-legales\/\",\"url\":\"https:\/\/www.dns85.fr\/index.php\/mentions-legales\/\",\"name\":\"Mentions l\u00e9gales - DNS 85\",\"isPartOf\":{\"@id\":\"https:\/\/www.dns85.fr\/#website\"},\"datePublished\":\"2025-11-19T22:29:05+00:00\",\"dateModified\":\"2025-11-25T17:58:02+00:00\",\"breadcrumb\":{\"@id\":\"https:\/\/www.dns85.fr\/index.php\/mentions-legales\/#breadcrumb\"},\"inLanguage\":\"fr-FR\",\"potentialAction\":[{\"@type\":\"ReadAction\",\"target\":[\"https:\/\/www.dns85.fr\/index.php\/mentions-legales\/\"]}]},{\"@type\":\"BreadcrumbList\",\"@id\":\"https:\/\/www.dns85.fr\/index.php\/mentions-legales\/#breadcrumb\",\"itemListElement\":[{\"@type\":\"ListItem\",\"position\":1,\"name\":\"Accueil\",\"item\":\"https:\/\/www.dns85.fr\/\"},{\"@type\":\"ListItem\",\"position\":2,\"name\":\"Mentions l\u00e9gales\"}]},{\"@type\":\"WebSite\",\"@id\":\"https:\/\/www.dns85.fr\/#website\",\"url\":\"https:\/\/www.dns85.fr\/\",\"name\":\"DNS 85\",\"description\":\"Drone Nettoyage Services\",\"publisher\":{\"@id\":\"https:\/\/www.dns85.fr\/#organization\"},\"alternateName\":\"dns85\",\"potentialAction\":[{\"@type\":\"SearchAction\",\"target\":{\"@type\":\"EntryPoint\",\"urlTemplate\":\"https:\/\/www.dns85.fr\/?s={search_term_string}\"},\"query-input\":{\"@type\":\"PropertyValueSpecification\",\"valueRequired\":true,\"valueName\":\"search_term_string\"}}],\"inLanguage\":\"fr-FR\"},{\"@type\":\"Organization\",\"@id\":\"https:\/\/www.dns85.fr\/#organization\",\"name\":\"DNS 85\",\"url\":\"https:\/\/www.dns85.fr\/\",\"logo\":{\"@type\":\"ImageObject\",\"inLanguage\":\"fr-FR\",\"@id\":\"https:\/\/www.dns85.fr\/#\/schema\/logo\/image\/\",\"url\":\"https:\/\/www.dns85.fr\/wp-content\/uploads\/2025\/10\/LOGO_DRONE.png\",\"contentUrl\":\"https:\/\/www.dns85.fr\/wp-content\/uploads\/2025\/10\/LOGO_DRONE.png\",\"width\":473,\"height\":190,\"caption\":\"DNS 85\"},\"image\":{\"@id\":\"https:\/\/www.dns85.fr\/#\/schema\/logo\/image\/\"}}]}<\/script>\n<!-- \/ Yoast SEO plugin. -->","yoast_head_json":{"title":"Mentions l\u00e9gales - DNS 85","robots":{"index":"index","follow":"follow","max-snippet":"max-snippet:-1","max-image-preview":"max-image-preview:large","max-video-preview":"max-video-preview:-1"},"canonical":"https:\/\/www.dns85.fr\/index.php\/mentions-legales\/","og_locale":"fr_FR","og_type":"article","og_title":"Mentions l\u00e9gales - DNS 85","og_description":"MENTION L\u00c9GALES DNS 85 &#8211; Enreprise individuelle G\u00e9rant : Boivineau Etienne Si\u00e8ge social : 105 La Gatoli\u00e8re &#8211; Saint-Fulgent, 85250 N\u00b0 de SIRET : 991 392 457 00016 Site web h\u00e9berg\u00e9 par OVH CLOUD (2, rue Kellermann, 59100 Roubaix.) | T\u00e9l. +33 9 72 10 10 07 Le site et ses contenus (textes, images, logos\u2026)...","og_url":"https:\/\/www.dns85.fr\/index.php\/mentions-legales\/","og_site_name":"DNS 85","article_modified_time":"2025-11-25T17:58:02+00:00","twitter_card":"summary_large_image","twitter_misc":{"Dur\u00e9e de lecture estim\u00e9e":"1 minute"},"schema":{"@context":"https:\/\/schema.org","@graph":[{"@type":"WebPage","@id":"https:\/\/www.dns85.fr\/index.php\/mentions-legales\/","url":"https:\/\/www.dns85.fr\/index.php\/mentions-legales\/","name":"Mentions l\u00e9gales - DNS 85","isPartOf":{"@id":"https:\/\/www.dns85.fr\/#website"},"datePublished":"2025-11-19T22:29:05+00:00","dateModified":"2025-11-25T17:58:02+00:00","breadcrumb":{"@id":"https:\/\/www.dns85.fr\/index.php\/mentions-legales\/#breadcrumb"},"inLanguage":"fr-FR","potentialAction":[{"@type":"ReadAction","target":["https:\/\/www.dns85.fr\/index.php\/mentions-legales\/"]}]},{"@type":"BreadcrumbList","@id":"https:\/\/www.dns85.fr\/index.php\/mentions-legales\/#breadcrumb","itemListElement":[{"@type":"ListItem","position":1,"name":"Accueil","item":"https:\/\/www.dns85.fr\/"},{"@type":"ListItem","position":2,"name":"Mentions l\u00e9gales"}]},{"@type":"WebSite","@id":"https:\/\/www.dns85.fr\/#website","url":"https:\/\/www.dns85.fr\/","name":"DNS 85","description":"Drone Nettoyage Services","publisher":{"@id":"https:\/\/www.dns85.fr\/#organization"},"alternateName":"dns85","potentialAction":[{"@type":"SearchAction","target":{"@type":"EntryPoint","urlTemplate":"https:\/\/www.dns85.fr\/?s={search_term_string}"},"query-input":{"@type":"PropertyValueSpecification","valueRequired":true,"valueName":"search_term_string"}}],"inLanguage":"fr-FR"},{"@type":"Organization","@id":"https:\/\/www.dns85.fr\/#organization","name":"DNS 85","url":"https:\/\/www.dns85.fr\/","logo":{"@type":"ImageObject","inLanguage":"fr-FR","@id":"https:\/\/www.dns85.fr\/#\/schema\/logo\/image\/","url":"https:\/\/www.dns85.fr\/wp-content\/uploads\/2025\/10\/LOGO_DRONE.png","contentUrl":"https:\/\/www.dns85.fr\/wp-content\/uploads\/2025\/10\/LOGO_DRONE.png","width":473,"height":190,"caption":"DNS 85"},"image":{"@id":"https:\/\/www.dns85.fr\/#\/schema\/logo\/image\/"}}]}},"_links":{"self":[{"href":"https:\/\/www.dns85.fr\/index.php\/wp-json\/wp\/v2\/pages\/699","targetHints":{"allow":["GET"]}}],"collection":[{"href":"https:\/\/www.dns85.fr\/index.php\/wp-json\/wp\/v2\/pages"}],"about":[{"href":"https:\/\/www.dns85.fr\/index.php\/wp-json\/wp\/v2\/types\/page"}],"author":[{"embeddable":true,"href":"https:\/\/www.dns85.fr\/index.php\/wp-json\/wp\/v2\/users\/1"}],"replies":[{"embeddable":true,"href":"https:\/\/www.dns85.fr\/index.php\/wp-json\/wp\/v2\/comments?post=699"}],"version-history":[{"count":15,"href":"https:\/\/www.dns85.fr\/index.php\/wp-json\/wp\/v2\/pages\/699\/revisions"}],"predecessor-version":[{"id":724,"href":"https:\/\/www.dns85.fr\/index.php\/wp-json\/wp\/v2\/pages\/699\/revisions\/724"}],"wp:attachment":[{"href":"https:\/\/www.dns85.fr\/index.php\/wp-json\/wp\/v2\/media?parent=699"}],"curies":[{"name":"wp","href":"https:\/\/api.w.org\/{rel}","templated":true}]}}